{"id":8,"date":"2024-12-03T15:46:19","date_gmt":"2024-12-03T18:46:19","guid":{"rendered":"https:\/\/preview.acrie.com.br\/1027fm\/?page_id=8"},"modified":"2024-12-03T15:56:41","modified_gmt":"2024-12-03T18:56:41","slug":"home","status":"publish","type":"page","link":"https:\/\/radio102ap.com.br\/","title":{"rendered":"Home"},"content":{"rendered":"\t\t<div data-elementor-type=\"wp-page\" data-elementor-id=\"8\" class=\"elementor elementor-8\">\n\t\t\t\t<div class=\"elementor-element elementor-element-8ab2868 e-flex e-con-boxed e-con e-parent\" data-id=\"8ab2868\" data-element_type=\"container\" data-settings=\"{&quot;background_background&quot;:&quot;classic&quot;}\">\n\t\t\t\t\t<div class=\"e-con-inner\">\n\t\t<div class=\"elementor-element elementor-element-7d44150 e-con-full e-flex e-con e-child\" data-id=\"7d44150\" data-element_type=\"container\">\n\t\t\t\t<div class=\"elementor-element elementor-element-0f41d0e elementor-widget elementor-widget-image\" data-id=\"0f41d0e\" data-element_type=\"widget\" data-widget_type=\"image.default\">\n\t\t\t\t<div class=\"elementor-widget-container\">\n\t\t\t\t\t\t\t\t\t\t\t\t\t<img fetchpriority=\"high\" decoding=\"async\" width=\"2688\" height=\"860\" src=\"https:\/\/radio102ap.com.br\/wp-content\/uploads\/2024\/12\/logo-ccomfm-branca.png\" class=\"attachment-full size-full wp-image-10\" alt=\"\" srcset=\"https:\/\/radio102ap.com.br\/wp-content\/uploads\/2024\/12\/logo-ccomfm-branca.png 2688w, https:\/\/radio102ap.com.br\/wp-content\/uploads\/2024\/12\/logo-ccomfm-branca-300x96.png 300w, https:\/\/radio102ap.com.br\/wp-content\/uploads\/2024\/12\/logo-ccomfm-branca-1024x328.png 1024w, https:\/\/radio102ap.com.br\/wp-content\/uploads\/2024\/12\/logo-ccomfm-branca-768x246.png 768w, https:\/\/radio102ap.com.br\/wp-content\/uploads\/2024\/12\/logo-ccomfm-branca-1536x491.png 1536w, https:\/\/radio102ap.com.br\/wp-content\/uploads\/2024\/12\/logo-ccomfm-branca-2048x655.png 2048w\" sizes=\"(max-width: 2688px) 100vw, 2688px\" \/>\t\t\t\t\t\t\t\t\t\t\t\t\t<\/div>\n\t\t\t\t<\/div>\n\t\t\t\t<div class=\"elementor-element elementor-element-bf01149 elementor-widget elementor-widget-heading\" data-id=\"bf01149\" data-element_type=\"widget\" data-widget_type=\"heading.default\">\n\t\t\t\t<div class=\"elementor-widget-container\">\n\t\t\t<h2 class=\"elementor-heading-title elementor-size-default\">R\u00e1dio 102,7 FM agora \u00e9 C-COM FM<\/h2>\t\t<\/div>\n\t\t\t\t<\/div>\n\t\t\t\t<\/div>\n\t\t\t\t<div class=\"elementor-element elementor-element-203d6c6 elementor-widget elementor-widget-text-editor\" data-id=\"203d6c6\" data-element_type=\"widget\" data-widget_type=\"text-editor.default\">\n\t\t\t\t<div class=\"elementor-widget-container\">\n\t\t\t\t\t\t\t<p>Para acessar o site da C-COM FM e continuar curtindo a melhor programa\u00e7\u00e3o, basta clicar no bot\u00e3o abaixo.<\/p>\t\t\t\t\t\t<\/div>\n\t\t\t\t<\/div>\n\t\t\t\t<div class=\"elementor-element elementor-element-9623b14 elementor-align-center elementor-widget elementor-widget-button\" data-id=\"9623b14\" data-element_type=\"widget\" data-widget_type=\"button.default\">\n\t\t\t\t<div class=\"elementor-widget-container\">\n\t\t\t\t\t\t\t<div class=\"elementor-button-wrapper\">\n\t\t\t\t\t<a class=\"elementor-button elementor-button-link elementor-size-sm\" href=\"https:\/\/ccomfm.com.br\">\n\t\t\t\t\t\t<span class=\"elementor-button-content-wrapper\">\n\t\t\t\t\t\t\t\t\t<span class=\"elementor-button-text\">Acessar C-COM FM<\/span>\n\t\t\t\t\t<\/span>\n\t\t\t\t\t<\/a>\n\t\t\t\t<\/div>\n\t\t\t\t\t\t<\/div>\n\t\t\t\t<\/div>\n\t\t\t\t\t<\/div>\n\t\t\t\t<\/div>\n\t\t\t\t<\/div>\n\t\t","protected":false},"excerpt":{"rendered":"<p>R\u00e1dio 102,7 FM agora \u00e9 C-COM FM Para acessar o site da C-COM FM e continuar curtindo a melhor programa\u00e7\u00e3o, basta clicar no bot\u00e3o abaixo. Acessar C-COM FM<\/p>\n","protected":false},"author":1,"featured_media":0,"parent":0,"menu_order":0,"comment_status":"closed","ping_status":"closed","template":"elementor_canvas","meta":{"footnotes":""},"class_list":["post-8","page","type-page","status-publish","hentry"],"_links":{"self":[{"href":"https:\/\/radio102ap.com.br\/index.php\/wp-json\/wp\/v2\/pages\/8","targetHints":{"allow":["GET"]}}],"collection":[{"href":"https:\/\/radio102ap.com.br\/index.php\/wp-json\/wp\/v2\/pages"}],"about":[{"href":"https:\/\/radio102ap.com.br\/index.php\/wp-json\/wp\/v2\/types\/page"}],"author":[{"embeddable":true,"href":"https:\/\/radio102ap.com.br\/index.php\/wp-json\/wp\/v2\/users\/1"}],"replies":[{"embeddable":true,"href":"https:\/\/radio102ap.com.br\/index.php\/wp-json\/wp\/v2\/comments?post=8"}],"version-history":[{"count":7,"href":"https:\/\/radio102ap.com.br\/index.php\/wp-json\/wp\/v2\/pages\/8\/revisions"}],"predecessor-version":[{"id":19,"href":"https:\/\/radio102ap.com.br\/index.php\/wp-json\/wp\/v2\/pages\/8\/revisions\/19"}],"wp:attachment":[{"href":"https:\/\/radio102ap.com.br\/index.php\/wp-json\/wp\/v2\/media?parent=8"}],"curies":[{"name":"wp","href":"https:\/\/api.w.org\/{rel}","templated":true}]}}